{"id":78965,"date":"2022-09-12T10:19:58","date_gmt":"2022-09-12T08:19:58","guid":{"rendered":"https:\/\/www.ppesrl.eu\/-wpress\/?page_id=78965"},"modified":"2023-03-15T11:58:42","modified_gmt":"2023-03-15T10:58:42","slug":"impiego-acque-meteoriche","status":"publish","type":"page","link":"https:\/\/www.ppesrl.eu\/-wpress\/impiego-acque-meteoriche\/","title":{"rendered":"&#8212; Impiego acque meteoriche"},"content":{"rendered":"<p>[vc_row type=&#8221;full_width&#8221;][vc_column][rev_slider_vc alias=&#8221;about-us&#8221;][vc_empty_space height=&#8221;80px&#8221;][\/vc_column][\/vc_row][vc_row css=&#8221;.vc_custom_1655911660358{margin-top: 20px !important;margin-bottom: 70px !important;}&#8221;][vc_column][vc_custom_heading text=&#8221;Impiego acque meteoriche&#8221; font_container=&#8221;tag:h2|font_size:20|text_align:left|color:%23111111&#8243; el_class=&#8221;heading-title-3&#8243;][vc_column_text]Si parla spesso di tutela delle acque o di sprechi, oppure di recupero delle risorse e dell\u2019impiego di fonti rinnovabili. Uno dei modi che abbiamo, il pi\u00f9 semplice e forse quello alla portata di molti se non di tutti, per tutelare l\u2019ambiente e ridurre gli sprechi consiste nel trattare bene l\u2019acqua; daremmo un notevole contributo. Trattare bene l\u2019acqua, in questo caso, non significa depurarla, anche se un minimo di trattamento si deve considerare ma non sta li la difficolt\u00e0, bens\u00ec non disperderla, accumularla e usarla quando \u00e8 necessario.<br \/>\nImmaginiamo quanta acqua piovana cade al suolo durante un evento meteorico o quanta neve si accumula in molte zone durante l\u2019inverno per poi sciogliersi. Quest\u2019acqua raggiunge, tramite la dispersione, falde o giacimenti sotterranei oppure defluisce avviandosi verso corsi d\u2019acqua e poi al<br \/>\nmare. Lasciamo scorrere l\u2019acqua lontano e poi, quando ci serve, la dobbiamo riprendere, trattare, sollevare e convogliare: con quali costi? Occorre energia per gestire la risorsa. Occorrono trattamenti e non sempre ci serve acqua potabile, spesso ci serve l\u2019acqua per i campi e anche per i nostri giardini.<br \/>\nEsistono sistemi che ci consentono di accumulare l\u2019acqua piovana per averla a disposizione quando serve vicino a casa. Si tratta di serbatoi normalmente interrati che ricevono direttamente dai pluviali delle abitazioni e ne permettono l\u2019accumulo; i serbatoi di stoccaggio possono essere dotati di pompe<br \/>\ne strumenti che, collegati ad esempio alle centraline che gestiscono i sistemi di irrigazione, ne agevolano il funzionamento mediante automatismi\u00a0 dialoganti. L\u2019acqua accumulata e decantata pu\u00f2 anche essere filtrata e usata per servizi differenti.[\/vc_column_text][vc_row_inner][vc_column_inner width=&#8221;1\/2&#8243;][vc_btn title=&#8221;Download o leggi sezione&#8221; style=&#8221;outline&#8221; color=&#8221;success&#8221; size=&#8221;sm&#8221; align=&#8221;left&#8221; i_align=&#8221;right&#8221; i_icon_fontawesome=&#8221;fas fa-angle-double-right&#8221; button_block=&#8221;true&#8221; add_icon=&#8221;true&#8221; css=&#8221;.vc_custom_1662971585438{margin-top: 15px !important;margin-bottom: 25px !important;}&#8221; link=&#8221;url:https%3A%2F%2Fwww.ppesrl.eu%2F-wpress%2Fwp-content%2Fuploads%2F2022%2F09%2FRecupero-Acque-Piovane.pdf&#8221;][\/vc_column_inner][vc_column_inner width=&#8221;1\/2&#8243;][vc_btn title=&#8221;Vai ai prodotti&#8221; style=&#8221;outline&#8221; color=&#8221;success&#8221; size=&#8221;sm&#8221; align=&#8221;left&#8221; i_align=&#8221;right&#8221; i_icon_fontawesome=&#8221;fas fa-angle-double-right&#8221; button_block=&#8221;true&#8221; add_icon=&#8221;true&#8221; css=&#8221;.vc_custom_1678875953731{margin-top: 15px !important;margin-bottom: 25px !important;}&#8221; link=&#8221;url:https%3A%2F%2Fwww.ppesrl.eu%2F-wpress%2Fproduct-category%2Fimpiego-acque-meteoriche%2F|title:%E2%80%94%20Impiego%20acque%20meteoriche&#8221;][\/vc_column_inner][\/vc_row_inner][\/vc_column][\/vc_row][vc_row][vc_column][vc_column_text]<div data-post-id=\"75628\" class=\"insert-page insert-page-75628 \"><p>[vc_row][vc_column][vc_empty_space height=&#8221;70px&#8221;][vc_text_separator title=&#8221;PRODOTTI&#8221; border_width=&#8221;4&#8243;][vc_empty_space][\/vc_column][\/vc_row][vc_row][vc_column][vc_column_text]<div data-post-id=\"75664\" class=\"insert-page insert-page-75664 \"><style type=\"text\/css\" data-type=\"vc_shortcodes-custom-css\">.vc_custom_1678868557656{margin-top: 15px !important;margin-bottom: 25px !important;}.vc_custom_1663144766602{margin-top: 15px !important;margin-bottom: 25px !important;}.vc_custom_1657011583898{margin-top: 15px !important;margin-bottom: 25px !important;}.vc_custom_1663578621226{margin-top: 15px !important;margin-bottom: 25px !important;}.vc_custom_1662972864522{margin-top: 15px !important;margin-bottom: 25px !important;}.vc_custom_1688110463390{margin-top: 15px !important;margin-bottom: 25px !important;}.vc_custom_1688110524126{margin-top: 15px !important;margin-bottom: 25px !important;}.vc_custom_1688112039986{margin-top: 15px !important;margin-bottom: 25px !important;}<\/style><p>[vc_row][vc_column width=&#8221;1\/4&#8243;][vc_column_text]<\/p>\n<h4>TRATTAMENTO ACQUE REFLUE<\/h4>\n<p>All\u2019interno del catalogo vengono illustrate soluzioni tecnologiche per il trattamento delle acque reflue provenienti da insediamenti civili o produttivi, per lo stoccaggio e l\u2019impiego dell\u2019acqua e delle acque meteoriche. Solo come indicazione generica si prendono in considerazione tematiche riguardanti piccole comunit\u00e0 ossia territori e insediamenti in agglomerati urbani che normalmente non superano i 5000 abitanti.[\/vc_column_text][vc_btn title=&#8221;VAI ALLA SEZIONE&#8221; style=&#8221;outline&#8221; color=&#8221;success&#8221; size=&#8221;sm&#8221; align=&#8221;left&#8221; i_align=&#8221;right&#8221; i_icon_fontawesome=&#8221;fas fa-angle-double-right&#8221; button_block=&#8221;true&#8221; add_icon=&#8221;true&#8221; css=&#8221;.vc_custom_1678868557656{margin-top: 15px !important;margin-bottom: 25px !important;}&#8221; link=&#8221;url:https%3A%2F%2Fwww.ppesrl.eu%2F-wpress%2Ftrattamento-acque%2F|title:%E2%80%94%20Trattamento%20acque&#8221;][\/vc_column][vc_column width=&#8221;1\/4&#8243;][vc_column_text]<\/p>\n<h4>SICUREZZA<\/h4>\n<p>La gamma comprende bacini di sicurezza e contenitori per materiali pericolosi, alcuni realizzati in polietilene lineare con la tecnica del roto-stampaggio, altri in acciaio e alcuni prodotti che uniscono le due tecnologie, studiati appositamente per la tutela dell\u2019ambiente e la salvaguardia del terreno da sostanze inquinanti e pericolose prodotte quotidianamente.[\/vc_column_text][vc_btn title=&#8221;VAI ALLA SEZIONE&#8221; style=&#8221;outline&#8221; color=&#8221;success&#8221; size=&#8221;sm&#8221; align=&#8221;left&#8221; i_align=&#8221;right&#8221; i_icon_fontawesome=&#8221;fas fa-angle-double-right&#8221; button_block=&#8221;true&#8221; add_icon=&#8221;true&#8221; css=&#8221;.vc_custom_1663144766602{margin-top: 15px !important;margin-bottom: 25px !important;}&#8221; link=&#8221;url:https%3A%2F%2Fwww.ppesrl.eu%2F-wpress%2Fsicurezza%2F|title:%E2%80%94%20Sicurezza&#8221;][\/vc_column][vc_column width=&#8221;1\/4&#8243;][vc_column_text]<\/p>\n<h4>CANTIERISTICA<\/h4>\n<p>Il cantiere edile, per restituire le soddisfazioni attese e soprattutto per garantire la sicurezza, deve essere ben organizzato. Un cantiere ben gestito ed organizzato si serve di sistemi e dispositivi chepossano, economicamente, velocemente e senza appesantire le normali operazioni.[\/vc_column_text][vc_btn title=&#8221;VAI ALLA SEZIONE&#8221; style=&#8221;outline&#8221; color=&#8221;success&#8221; size=&#8221;sm&#8221; align=&#8221;left&#8221; i_align=&#8221;right&#8221; i_icon_fontawesome=&#8221;fas fa-angle-double-right&#8221; button_block=&#8221;true&#8221; add_icon=&#8221;true&#8221; css=&#8221;.vc_custom_1657011583898{margin-top: 15px !important;margin-bottom: 25px !important;}&#8221; link=&#8221;url:https%3A%2F%2Fwww.ppesrl.eu%2F-wpress%2Fcantieristica%2F&#8221;][\/vc_column][vc_column width=&#8221;1\/4&#8243;][vc_column_text]<\/p>\n<h4>INDUSTRIA<\/h4>\n<p>Contenitori adatti allo stoccaggio di prodotti acidi e alcalini, impiegati nel settore industria di varie forme e dimensioni, costruiti in polietilene lineare con sistema rotazionale.[\/vc_column_text][vc_btn title=&#8221;VAI ALLA SEZIONE&#8221; style=&#8221;outline&#8221; color=&#8221;success&#8221; size=&#8221;sm&#8221; align=&#8221;left&#8221; i_align=&#8221;right&#8221; i_icon_fontawesome=&#8221;fas fa-angle-double-right&#8221; button_block=&#8221;true&#8221; add_icon=&#8221;true&#8221; css=&#8221;.vc_custom_1663578621226{margin-top: 15px !important;margin-bottom: 25px !important;}&#8221; link=&#8221;url:https%3A%2F%2Fwww.ppesrl.eu%2F-wpress%2Findustria%2F|title:%E2%80%94%20Industria&#8221;][\/vc_column][\/vc_row][vc_row][vc_column width=&#8221;1\/4&#8243;][vc_column_text]<\/p>\n<h4>IMPIEGO ACQUE METEORICHE<\/h4>\n<p>Si parla spesso di tutela delle acque o di sprechi, oppure di recupero delle risorse e dell\u2019impiego di fonti rinnovabili. Uno dei modi che abbiamo, il pi\u00f9 semplice e forse quello alla portata di molti se non di tutti, per tutelare l\u2019ambiente e ridurre gli sprechi consiste nel trattare bene l\u2019acqua; daremmo un notevole contributo.[\/vc_column_text][vc_btn title=&#8221;VAI ALLA SEZIONE&#8221; style=&#8221;outline&#8221; color=&#8221;success&#8221; size=&#8221;sm&#8221; align=&#8221;left&#8221; i_align=&#8221;right&#8221; i_icon_fontawesome=&#8221;fas fa-angle-double-right&#8221; button_block=&#8221;true&#8221; add_icon=&#8221;true&#8221; css=&#8221;.vc_custom_1662972864522{margin-top: 15px !important;margin-bottom: 25px !important;}&#8221; link=&#8221;url:https%3A%2F%2Fwww.ppesrl.eu%2F-wpress%2Fimpiego-acque-meteoriche%2F|title:%E2%80%94%20Recupero%20acque%20piovane&#8221;][\/vc_column][vc_column width=&#8221;1\/4&#8243;][vc_column_text]<\/p>\n<h4>ACQUA POTABILE<\/h4>\n<p>Il particolare e specifico design dei contenitori compatti autoportanti proposti ne consente la collocazione su diverse superfici piane basi di appoggio piane senza particolari accortezze, anzi esiste un manufatto giusto per ciascuna esigenza standardizzata o speciale.[\/vc_column_text][vc_btn title=&#8221;VAI ALLA SEZIONE&#8221; style=&#8221;outline&#8221; color=&#8221;success&#8221; size=&#8221;sm&#8221; align=&#8221;left&#8221; i_align=&#8221;right&#8221; i_icon_fontawesome=&#8221;fas fa-angle-double-right&#8221; button_block=&#8221;true&#8221; add_icon=&#8221;true&#8221; css=&#8221;.vc_custom_1688110463390{margin-top: 15px !important;margin-bottom: 25px !important;}&#8221; link=&#8221;url:https%3A%2F%2Fwww.ppesrl.eu%2F-wpress%2Fserbatoi-acqua-potabile-2%2F|title:%E2%80%94%20Serbatoi&#8221;][\/vc_column][vc_column width=&#8221;1\/4&#8243;][vc_column_text]<\/p>\n<h4>INTERRO<\/h4>\n<p>Si tratta di contenitori cilindrici verticali interrabili, definibili esclusi-vamente per utilizzi da interro, provvisti di nervature verticali e incrociate\/inclinate o orizzontali, realizzate per aumentare la resistenza alle sollecita-zioni generate dal terreno di rinfianco circostante.[\/vc_column_text][vc_btn title=&#8221;VAI ALLA SEZIONE&#8221; style=&#8221;outline&#8221; color=&#8221;success&#8221; size=&#8221;sm&#8221; align=&#8221;left&#8221; i_align=&#8221;right&#8221; i_icon_fontawesome=&#8221;fas fa-angle-double-right&#8221; button_block=&#8221;true&#8221; add_icon=&#8221;true&#8221; css=&#8221;.vc_custom_1688110524126{margin-top: 15px !important;margin-bottom: 25px !important;}&#8221; link=&#8221;url:https%3A%2F%2Fwww.ppesrl.eu%2F-wpress%2Fserbatoi-interro%2F|title:%E2%80%94%20Serbatoi&#8221;][\/vc_column][vc_column width=&#8221;1\/4&#8243;][vc_column_text]<\/p>\n<h4>VARIE<\/h4>\n<p>ENOLOGIA\/AGRICULTURA<br \/>\nGamma di prodotti concepiti per essere impiegati come attrezzature in ausilio al settore agricolo, zootecnico ed enologico con un occhio di riguardo alla sostenibilit\u00e0.<\/p>\n<p>ARREDO ESTERNO<br \/>\nPoltrone, tavoli e lettini per uso esterno creati in polietilene con metodo rotazionale, di lunga durata e resistenti agli agenti atmosferici.[\/vc_column_text][vc_btn title=&#8221;VAI ALLA SEZIONE&#8221; style=&#8221;outline&#8221; color=&#8221;success&#8221; size=&#8221;sm&#8221; align=&#8221;left&#8221; i_align=&#8221;right&#8221; i_icon_fontawesome=&#8221;fas fa-angle-double-right&#8221; button_block=&#8221;true&#8221; add_icon=&#8221;true&#8221; css=&#8221;.vc_custom_1688112039986{margin-top: 15px !important;margin-bottom: 25px !important;}&#8221; link=&#8221;url:https%3A%2F%2Fwww.ppesrl.eu%2F-wpress%2Fvarie%2F|title:%E2%80%94%20Serbatoi&#8221;][\/vc_column][\/vc_row]<\/p>\n<\/div>[\/vc_column_text][\/vc_column][\/vc_row][vc_row][vc_column][vc_column_text]<div data-post-id=\"75642\" class=\"insert-page insert-page-75642 \"><style type=\"text\/css\" data-type=\"vc_shortcodes-custom-css\">.vc_custom_1663142598385{border-radius: 20px !important;}<\/style><p>[vc_row css=&#8221;.vc_custom_1663142598385{border-radius: 20px !important;}&#8221;][vc_column][vc_btn title=&#8221;CATALOGO TRATTAMENTO ACQUE (completo) \u2013 Download (227 Mb)&#8221; style=&#8221;outline&#8221; color=&#8221;success&#8221; size=&#8221;sm&#8221; align=&#8221;left&#8221; i_align=&#8221;right&#8221; i_icon_fontawesome=&#8221;fas fa-angle-double-right&#8221; button_block=&#8221;true&#8221; add_icon=&#8221;true&#8221; link=&#8221;url:https%3A%2F%2Fwww.ppesrl.eu%2F-wpress%2Fwp-content%2Fuploads%2F2023%2F04%2Fcatalogo-PPE_2023-04-24.pdf&#8221;][\/vc_column][\/vc_row]<\/p>\n<\/div>[\/vc_column_text][vc_empty_space height=&#8221;100&#8243;][\/vc_column][\/vc_row]<\/p>\n<\/div>[\/vc_column_text][vc_empty_space height=&#8221;70&#8243;][\/vc_column][\/vc_row]<\/p>\n","protected":false},"excerpt":{"rendered":"<p>[vc_row type=&#8221;full_width&#8221;][vc_column][rev_slider_vc alias=&#8221;about-us&#8221;][vc_empty_space height=&#8221;80px&#8221;][\/vc_column][\/vc_row][vc_row css=&#8221;.vc_custom_1655911660358{margin-top: 20px !important;margin-bottom: 70px !important;}&#8221;][vc_column][vc_custom_heading text=&#8221;Impiego acque meteoriche&#8221; font_container=&#8221;tag:h2|font_size:20|text_align:left|color:%23111111&#8243; el_class=&#8221;heading-title-3&#8243;][vc_column_text]Si parla spesso di tutela delle acque o di sprechi, oppure di recupero delle risorse e dell\u2019impiego di fonti rinnovabili. Uno dei modi che abbiamo, il pi\u00f9 semplice e forse quello alla portata di molti se non di tutti, per tutelare l\u2019ambiente [&hellip;]<\/p>\n","protected":false},"author":1,"featured_media":0,"parent":0,"menu_order":0,"comment_status":"closed","ping_status":"closed","template":"","meta":{"footnotes":""},"class_list":["post-78965","page","type-page","status-publish","hentry"],"yoast_head":"<!-- This site is optimized with the Yoast SEO plugin v24.5 - https:\/\/yoast.com\/wordpress\/plugins\/seo\/ -->\n<title>- Impiego acque meteoriche - PPE Srl<\/title>\n<meta name=\"robots\" content=\"index, follow, max-snippet:-1, max-image-preview:large, max-video-preview:-1\" \/>\n<link rel=\"canonical\" href=\"https:\/\/www.ppesrl.eu\/-wpress\/impiego-acque-meteoriche\/\" \/>\n<meta property=\"og:locale\" content=\"it_IT\" \/>\n<meta property=\"og:type\" content=\"article\" \/>\n<meta property=\"og:title\" content=\"- Impiego acque meteoriche - PPE Srl\" \/>\n<meta property=\"og:description\" content=\"[vc_row type=&#8221;full_width&#8221;][vc_column][rev_slider_vc alias=&#8221;about-us&#8221;][vc_empty_space height=&#8221;80px&#8221;][\/vc_column][\/vc_row][vc_row css=&#8221;.vc_custom_1655911660358{margin-top: 20px !important;margin-bottom: 70px !important;}&#8221;][vc_column][vc_custom_heading text=&#8221;Impiego acque meteoriche&#8221; font_container=&#8221;tag:h2|font_size:20|text_align:left|color:%23111111&#8243; el_class=&#8221;heading-title-3&#8243;][vc_column_text]Si parla spesso di tutela delle acque o di sprechi, oppure di recupero delle risorse e dell\u2019impiego di fonti rinnovabili. Uno dei modi che abbiamo, il pi\u00f9 semplice e forse quello alla portata di molti se non di tutti, per tutelare l\u2019ambiente [&hellip;]\" \/>\n<meta property=\"og:url\" content=\"https:\/\/www.ppesrl.eu\/-wpress\/impiego-acque-meteoriche\/\" \/>\n<meta property=\"og:site_name\" content=\"PPE Srl\" \/>\n<meta property=\"article:modified_time\" content=\"2023-03-15T10:58:42+00:00\" \/>\n<meta name=\"twitter:card\" content=\"summary_large_image\" \/>\n<meta name=\"twitter:label1\" content=\"Tempo di lettura stimato\" \/>\n\t<meta name=\"twitter:data1\" content=\"2 minuti\" \/>\n<script type=\"application\/ld+json\" class=\"yoast-schema-graph\">{\"@context\":\"https:\/\/schema.org\",\"@graph\":[{\"@type\":\"WebPage\",\"@id\":\"https:\/\/www.ppesrl.eu\/-wpress\/impiego-acque-meteoriche\/\",\"url\":\"https:\/\/www.ppesrl.eu\/-wpress\/impiego-acque-meteoriche\/\",\"name\":\"- Impiego acque meteoriche - PPE Srl\",\"isPartOf\":{\"@id\":\"https:\/\/www.ppesrl.eu\/-wpress\/#website\"},\"datePublished\":\"2022-09-12T08:19:58+00:00\",\"dateModified\":\"2023-03-15T10:58:42+00:00\",\"breadcrumb\":{\"@id\":\"https:\/\/www.ppesrl.eu\/-wpress\/impiego-acque-meteoriche\/#breadcrumb\"},\"inLanguage\":\"it-IT\",\"potentialAction\":[{\"@type\":\"ReadAction\",\"target\":[\"https:\/\/www.ppesrl.eu\/-wpress\/impiego-acque-meteoriche\/\"]}]},{\"@type\":\"BreadcrumbList\",\"@id\":\"https:\/\/www.ppesrl.eu\/-wpress\/impiego-acque-meteoriche\/#breadcrumb\",\"itemListElement\":[{\"@type\":\"ListItem\",\"position\":1,\"name\":\"Home\",\"item\":\"https:\/\/www.ppesrl.eu\/-wpress\/\"},{\"@type\":\"ListItem\",\"position\":2,\"name\":\"&#8212; Impiego acque meteoriche\"}]},{\"@type\":\"WebSite\",\"@id\":\"https:\/\/www.ppesrl.eu\/-wpress\/#website\",\"url\":\"https:\/\/www.ppesrl.eu\/-wpress\/\",\"name\":\"PPE Srl\",\"description\":\"Plastic Proget European\",\"potentialAction\":[{\"@type\":\"SearchAction\",\"target\":{\"@type\":\"EntryPoint\",\"urlTemplate\":\"https:\/\/www.ppesrl.eu\/-wpress\/?s={search_term_string}\"},\"query-input\":{\"@type\":\"PropertyValueSpecification\",\"valueRequired\":true,\"valueName\":\"search_term_string\"}}],\"inLanguage\":\"it-IT\"}]}<\/script>\n<!-- \/ Yoast SEO plugin. -->","yoast_head_json":{"title":"- Impiego acque meteoriche - PPE Srl","robots":{"index":"index","follow":"follow","max-snippet":"max-snippet:-1","max-image-preview":"max-image-preview:large","max-video-preview":"max-video-preview:-1"},"canonical":"https:\/\/www.ppesrl.eu\/-wpress\/impiego-acque-meteoriche\/","og_locale":"it_IT","og_type":"article","og_title":"- Impiego acque meteoriche - PPE Srl","og_description":"[vc_row type=&#8221;full_width&#8221;][vc_column][rev_slider_vc alias=&#8221;about-us&#8221;][vc_empty_space height=&#8221;80px&#8221;][\/vc_column][\/vc_row][vc_row css=&#8221;.vc_custom_1655911660358{margin-top: 20px !important;margin-bottom: 70px !important;}&#8221;][vc_column][vc_custom_heading text=&#8221;Impiego acque meteoriche&#8221; font_container=&#8221;tag:h2|font_size:20|text_align:left|color:%23111111&#8243; el_class=&#8221;heading-title-3&#8243;][vc_column_text]Si parla spesso di tutela delle acque o di sprechi, oppure di recupero delle risorse e dell\u2019impiego di fonti rinnovabili. Uno dei modi che abbiamo, il pi\u00f9 semplice e forse quello alla portata di molti se non di tutti, per tutelare l\u2019ambiente [&hellip;]","og_url":"https:\/\/www.ppesrl.eu\/-wpress\/impiego-acque-meteoriche\/","og_site_name":"PPE Srl","article_modified_time":"2023-03-15T10:58:42+00:00","twitter_card":"summary_large_image","twitter_misc":{"Tempo di lettura stimato":"2 minuti"},"schema":{"@context":"https:\/\/schema.org","@graph":[{"@type":"WebPage","@id":"https:\/\/www.ppesrl.eu\/-wpress\/impiego-acque-meteoriche\/","url":"https:\/\/www.ppesrl.eu\/-wpress\/impiego-acque-meteoriche\/","name":"- Impiego acque meteoriche - PPE Srl","isPartOf":{"@id":"https:\/\/www.ppesrl.eu\/-wpress\/#website"},"datePublished":"2022-09-12T08:19:58+00:00","dateModified":"2023-03-15T10:58:42+00:00","breadcrumb":{"@id":"https:\/\/www.ppesrl.eu\/-wpress\/impiego-acque-meteoriche\/#breadcrumb"},"inLanguage":"it-IT","potentialAction":[{"@type":"ReadAction","target":["https:\/\/www.ppesrl.eu\/-wpress\/impiego-acque-meteoriche\/"]}]},{"@type":"BreadcrumbList","@id":"https:\/\/www.ppesrl.eu\/-wpress\/impiego-acque-meteoriche\/#breadcrumb","itemListElement":[{"@type":"ListItem","position":1,"name":"Home","item":"https:\/\/www.ppesrl.eu\/-wpress\/"},{"@type":"ListItem","position":2,"name":"&#8212; Impiego acque meteoriche"}]},{"@type":"WebSite","@id":"https:\/\/www.ppesrl.eu\/-wpress\/#website","url":"https:\/\/www.ppesrl.eu\/-wpress\/","name":"PPE Srl","description":"Plastic Proget European","potentialAction":[{"@type":"SearchAction","target":{"@type":"EntryPoint","urlTemplate":"https:\/\/www.ppesrl.eu\/-wpress\/?s={search_term_string}"},"query-input":{"@type":"PropertyValueSpecification","valueRequired":true,"valueName":"search_term_string"}}],"inLanguage":"it-IT"}]}},"_links":{"self":[{"href":"https:\/\/www.ppesrl.eu\/-wpress\/wp-json\/wp\/v2\/pages\/78965","targetHints":{"allow":["GET"]}}],"collection":[{"href":"https:\/\/www.ppesrl.eu\/-wpress\/wp-json\/wp\/v2\/pages"}],"about":[{"href":"https:\/\/www.ppesrl.eu\/-wpress\/wp-json\/wp\/v2\/types\/page"}],"author":[{"embeddable":true,"href":"https:\/\/www.ppesrl.eu\/-wpress\/wp-json\/wp\/v2\/users\/1"}],"replies":[{"embeddable":true,"href":"https:\/\/www.ppesrl.eu\/-wpress\/wp-json\/wp\/v2\/comments?post=78965"}],"version-history":[{"count":10,"href":"https:\/\/www.ppesrl.eu\/-wpress\/wp-json\/wp\/v2\/pages\/78965\/revisions"}],"predecessor-version":[{"id":80293,"href":"https:\/\/www.ppesrl.eu\/-wpress\/wp-json\/wp\/v2\/pages\/78965\/revisions\/80293"}],"wp:attachment":[{"href":"https:\/\/www.ppesrl.eu\/-wpress\/wp-json\/wp\/v2\/media?parent=78965"}],"curies":[{"name":"wp","href":"https:\/\/api.w.org\/{rel}","templated":true}]}}