{"id":5126,"date":"2022-07-28T10:28:17","date_gmt":"2022-07-28T08:28:17","guid":{"rendered":"https:\/\/www.ppesrl.eu\/-wpress\/product\/caterpillar\/"},"modified":"2023-07-11T11:16:00","modified_gmt":"2023-07-11T09:16:00","slug":"caterpillar","status":"publish","type":"product","link":"https:\/\/www.ppesrl.eu\/-wpress\/product\/caterpillar\/","title":{"rendered":"CATERPILLAR"},"content":{"rendered":"<p><img loading=\"lazy\" decoding=\"async\" class=\"alignnone size-full wp-image-79795\" src=\"https:\/\/www.ppesrl.eu\/-wp\/wp-content\/uploads\/2022\/07\/caterpillar-sch.jpg\" alt=\"\" width=\"1208\" height=\"1036\" srcset=\"https:\/\/www.ppesrl.eu\/-wpress\/wp-content\/uploads\/2022\/07\/caterpillar-sch.jpg 1208w, https:\/\/www.ppesrl.eu\/-wpress\/wp-content\/uploads\/2022\/07\/caterpillar-sch-300x257.jpg 300w, https:\/\/www.ppesrl.eu\/-wpress\/wp-content\/uploads\/2022\/07\/caterpillar-sch-1024x878.jpg 1024w, https:\/\/www.ppesrl.eu\/-wpress\/wp-content\/uploads\/2022\/07\/caterpillar-sch-768x659.jpg 768w, https:\/\/www.ppesrl.eu\/-wpress\/wp-content\/uploads\/2022\/07\/caterpillar-sch-600x515.jpg 600w\" sizes=\"auto, (max-width: 1208px) 100vw, 1208px\" \/><img loading=\"lazy\" decoding=\"async\" class=\"alignnone size-full wp-image-79796\" src=\"https:\/\/www.ppesrl.eu\/-wp\/wp-content\/uploads\/2022\/07\/caterpillar-tab.jpg\" alt=\"\" width=\"1168\" height=\"224\" srcset=\"https:\/\/www.ppesrl.eu\/-wpress\/wp-content\/uploads\/2022\/07\/caterpillar-tab.jpg 1168w, https:\/\/www.ppesrl.eu\/-wpress\/wp-content\/uploads\/2022\/07\/caterpillar-tab-300x58.jpg 300w, https:\/\/www.ppesrl.eu\/-wpress\/wp-content\/uploads\/2022\/07\/caterpillar-tab-1024x196.jpg 1024w, https:\/\/www.ppesrl.eu\/-wpress\/wp-content\/uploads\/2022\/07\/caterpillar-tab-768x147.jpg 768w, https:\/\/www.ppesrl.eu\/-wpress\/wp-content\/uploads\/2022\/07\/caterpillar-tab-600x115.jpg 600w\" sizes=\"auto, (max-width: 1168px) 100vw, 1168px\" \/><\/p>\n","protected":false},"excerpt":{"rendered":"<p>La sicurezza prima di tutto certamente e poi, ogni lavoro, deve essere ben fatto e non deve generare disagio al pubblico ma in sicurezza adottando i migliori standard. Ogni azione nel cantiere deve essere consapevole e proteggere sia chi la compie che chi \u00e8 nelle sue vicinanze. Ogni azione deve essere compiuta nel rispetto delle regole vigenti in materia di tutela dei lavoratori e non solo. E\u2019 una questione di rispetto dell\u2019utenza e di buon senso. Mantenere in ordine e in sicurezza ogni cantiere e ogni postazione all\u2019interno di questo \u00e8 fondamentale per ottenere opere di qualit\u00e0. A volte occorre usare manufatti leggeri perch\u00e9 questi possano essere velocemente spostati e messi a disposizione altrove. Esistono manufatti concepiti proprio per tutti questi motivi; manufatti leggeri che possono velocemente essere usati ed eventualmente essere riposizionati velocemente per lo scarico a terra o su mezzi autorizzati di macerie e detriti provenienti dai piani alti di cantieri edili oppure convogliare altri tipi di rifiuti all\u2019interno di spazi controllati. Manufatti robusti e durevoli e perch\u00e9 no anche di aspetto gradevole visto che spesso devono essere impiegati in contesti urbani e ambienti che devono restare ordinati anche durante certi lavori non del tutto gradevoli.<\/p>\n","protected":false},"featured_media":80673,"template":"","meta":[],"product_brand":[],"product_cat":[462,510,404],"product_tag":[],"class_list":{"0":"post-5126","1":"product","2":"type-product","3":"status-publish","4":"has-post-thumbnail","6":"product_cat-attrezzature-per-ledilizia","7":"product_cat-prodotti-contieristica","8":"product_cat-cantieristica","10":"first","11":"instock","12":"shipping-taxable","13":"product-type-simple"},"yoast_head":"<!-- This site is optimized with the Yoast SEO plugin v24.5 - https:\/\/yoast.com\/wordpress\/plugins\/seo\/ -->\n<title>CATERPILLAR - PPE Srl<\/title>\n<meta name=\"robots\" content=\"index, follow, max-snippet:-1, max-image-preview:large, max-video-preview:-1\" \/>\n<link rel=\"canonical\" href=\"https:\/\/www.ppesrl.eu\/-wpress\/product\/caterpillar\/\" \/>\n<meta property=\"og:locale\" content=\"it_IT\" \/>\n<meta property=\"og:type\" content=\"article\" \/>\n<meta property=\"og:title\" content=\"CATERPILLAR - PPE Srl\" \/>\n<meta property=\"og:description\" content=\"La sicurezza prima di tutto certamente e poi, ogni lavoro, deve essere ben fatto e non deve generare disagio al pubblico ma in sicurezza adottando i migliori standard. Ogni azione nel cantiere deve essere consapevole e proteggere sia chi la compie che chi \u00e8 nelle sue vicinanze. Ogni azione deve essere compiuta nel rispetto delle regole vigenti in materia di tutela dei lavoratori e non solo. E\u2019 una questione di rispetto dell\u2019utenza e di buon senso. Mantenere in ordine e in sicurezza ogni cantiere e ogni postazione all\u2019interno di questo \u00e8 fondamentale per ottenere opere di qualit\u00e0. A volte occorre usare manufatti leggeri perch\u00e9 questi possano essere velocemente spostati e messi a disposizione altrove. Esistono manufatti concepiti proprio per tutti questi motivi; manufatti leggeri che possono velocemente essere usati ed eventualmente essere riposizionati velocemente per lo scarico a terra o su mezzi autorizzati di macerie e detriti provenienti dai piani alti di cantieri edili oppure convogliare altri tipi di rifiuti all\u2019interno di spazi controllati. Manufatti robusti e durevoli e perch\u00e9 no anche di aspetto gradevole visto che spesso devono essere impiegati in contesti urbani e ambienti che devono restare ordinati anche durante certi lavori non del tutto gradevoli.\" \/>\n<meta property=\"og:url\" content=\"https:\/\/www.ppesrl.eu\/-wpress\/product\/caterpillar\/\" \/>\n<meta property=\"og:site_name\" content=\"PPE Srl\" \/>\n<meta property=\"article:modified_time\" content=\"2023-07-11T09:16:00+00:00\" \/>\n<meta property=\"og:image\" content=\"https:\/\/www.ppesrl.eu\/-wpress\/wp-content\/uploads\/2023\/07\/caterpillar.jpg\" \/>\n\t<meta property=\"og:image:width\" content=\"300\" \/>\n\t<meta property=\"og:image:height\" content=\"300\" \/>\n\t<meta property=\"og:image:type\" content=\"image\/jpeg\" \/>\n<meta name=\"twitter:card\" content=\"summary_large_image\" \/>\n<script type=\"application\/ld+json\" class=\"yoast-schema-graph\">{\"@context\":\"https:\/\/schema.org\",\"@graph\":[{\"@type\":\"WebPage\",\"@id\":\"https:\/\/www.ppesrl.eu\/-wpress\/product\/caterpillar\/\",\"url\":\"https:\/\/www.ppesrl.eu\/-wpress\/product\/caterpillar\/\",\"name\":\"CATERPILLAR - PPE Srl\",\"isPartOf\":{\"@id\":\"https:\/\/www.ppesrl.eu\/-wpress\/#website\"},\"primaryImageOfPage\":{\"@id\":\"https:\/\/www.ppesrl.eu\/-wpress\/product\/caterpillar\/#primaryimage\"},\"image\":{\"@id\":\"https:\/\/www.ppesrl.eu\/-wpress\/product\/caterpillar\/#primaryimage\"},\"thumbnailUrl\":\"https:\/\/www.ppesrl.eu\/-wpress\/wp-content\/uploads\/2023\/07\/caterpillar.jpg\",\"datePublished\":\"2022-07-28T08:28:17+00:00\",\"dateModified\":\"2023-07-11T09:16:00+00:00\",\"breadcrumb\":{\"@id\":\"https:\/\/www.ppesrl.eu\/-wpress\/product\/caterpillar\/#breadcrumb\"},\"inLanguage\":\"it-IT\",\"potentialAction\":[{\"@type\":\"ReadAction\",\"target\":[\"https:\/\/www.ppesrl.eu\/-wpress\/product\/caterpillar\/\"]}]},{\"@type\":\"ImageObject\",\"inLanguage\":\"it-IT\",\"@id\":\"https:\/\/www.ppesrl.eu\/-wpress\/product\/caterpillar\/#primaryimage\",\"url\":\"https:\/\/www.ppesrl.eu\/-wpress\/wp-content\/uploads\/2023\/07\/caterpillar.jpg\",\"contentUrl\":\"https:\/\/www.ppesrl.eu\/-wpress\/wp-content\/uploads\/2023\/07\/caterpillar.jpg\",\"width\":300,\"height\":300},{\"@type\":\"BreadcrumbList\",\"@id\":\"https:\/\/www.ppesrl.eu\/-wpress\/product\/caterpillar\/#breadcrumb\",\"itemListElement\":[{\"@type\":\"ListItem\",\"position\":1,\"name\":\"Home\",\"item\":\"https:\/\/www.ppesrl.eu\/-wpress\/\"},{\"@type\":\"ListItem\",\"position\":2,\"name\":\"Shop\",\"item\":\"https:\/\/www.ppesrl.eu\/-wpress\/shop-2\/\"},{\"@type\":\"ListItem\",\"position\":3,\"name\":\"CATERPILLAR\"}]},{\"@type\":\"WebSite\",\"@id\":\"https:\/\/www.ppesrl.eu\/-wpress\/#website\",\"url\":\"https:\/\/www.ppesrl.eu\/-wpress\/\",\"name\":\"PPE Srl\",\"description\":\"Plastic Proget European\",\"potentialAction\":[{\"@type\":\"SearchAction\",\"target\":{\"@type\":\"EntryPoint\",\"urlTemplate\":\"https:\/\/www.ppesrl.eu\/-wpress\/?s={search_term_string}\"},\"query-input\":{\"@type\":\"PropertyValueSpecification\",\"valueRequired\":true,\"valueName\":\"search_term_string\"}}],\"inLanguage\":\"it-IT\"}]}<\/script>\n<!-- \/ Yoast SEO plugin. -->","yoast_head_json":{"title":"CATERPILLAR - PPE Srl","robots":{"index":"index","follow":"follow","max-snippet":"max-snippet:-1","max-image-preview":"max-image-preview:large","max-video-preview":"max-video-preview:-1"},"canonical":"https:\/\/www.ppesrl.eu\/-wpress\/product\/caterpillar\/","og_locale":"it_IT","og_type":"article","og_title":"CATERPILLAR - PPE Srl","og_description":"La sicurezza prima di tutto certamente e poi, ogni lavoro, deve essere ben fatto e non deve generare disagio al pubblico ma in sicurezza adottando i migliori standard. Ogni azione nel cantiere deve essere consapevole e proteggere sia chi la compie che chi \u00e8 nelle sue vicinanze. Ogni azione deve essere compiuta nel rispetto delle regole vigenti in materia di tutela dei lavoratori e non solo. E\u2019 una questione di rispetto dell\u2019utenza e di buon senso. Mantenere in ordine e in sicurezza ogni cantiere e ogni postazione all\u2019interno di questo \u00e8 fondamentale per ottenere opere di qualit\u00e0. A volte occorre usare manufatti leggeri perch\u00e9 questi possano essere velocemente spostati e messi a disposizione altrove. Esistono manufatti concepiti proprio per tutti questi motivi; manufatti leggeri che possono velocemente essere usati ed eventualmente essere riposizionati velocemente per lo scarico a terra o su mezzi autorizzati di macerie e detriti provenienti dai piani alti di cantieri edili oppure convogliare altri tipi di rifiuti all\u2019interno di spazi controllati. Manufatti robusti e durevoli e perch\u00e9 no anche di aspetto gradevole visto che spesso devono essere impiegati in contesti urbani e ambienti che devono restare ordinati anche durante certi lavori non del tutto gradevoli.","og_url":"https:\/\/www.ppesrl.eu\/-wpress\/product\/caterpillar\/","og_site_name":"PPE Srl","article_modified_time":"2023-07-11T09:16:00+00:00","og_image":[{"width":300,"height":300,"url":"https:\/\/www.ppesrl.eu\/-wpress\/wp-content\/uploads\/2023\/07\/caterpillar.jpg","type":"image\/jpeg"}],"twitter_card":"summary_large_image","schema":{"@context":"https:\/\/schema.org","@graph":[{"@type":"WebPage","@id":"https:\/\/www.ppesrl.eu\/-wpress\/product\/caterpillar\/","url":"https:\/\/www.ppesrl.eu\/-wpress\/product\/caterpillar\/","name":"CATERPILLAR - PPE Srl","isPartOf":{"@id":"https:\/\/www.ppesrl.eu\/-wpress\/#website"},"primaryImageOfPage":{"@id":"https:\/\/www.ppesrl.eu\/-wpress\/product\/caterpillar\/#primaryimage"},"image":{"@id":"https:\/\/www.ppesrl.eu\/-wpress\/product\/caterpillar\/#primaryimage"},"thumbnailUrl":"https:\/\/www.ppesrl.eu\/-wpress\/wp-content\/uploads\/2023\/07\/caterpillar.jpg","datePublished":"2022-07-28T08:28:17+00:00","dateModified":"2023-07-11T09:16:00+00:00","breadcrumb":{"@id":"https:\/\/www.ppesrl.eu\/-wpress\/product\/caterpillar\/#breadcrumb"},"inLanguage":"it-IT","potentialAction":[{"@type":"ReadAction","target":["https:\/\/www.ppesrl.eu\/-wpress\/product\/caterpillar\/"]}]},{"@type":"ImageObject","inLanguage":"it-IT","@id":"https:\/\/www.ppesrl.eu\/-wpress\/product\/caterpillar\/#primaryimage","url":"https:\/\/www.ppesrl.eu\/-wpress\/wp-content\/uploads\/2023\/07\/caterpillar.jpg","contentUrl":"https:\/\/www.ppesrl.eu\/-wpress\/wp-content\/uploads\/2023\/07\/caterpillar.jpg","width":300,"height":300},{"@type":"BreadcrumbList","@id":"https:\/\/www.ppesrl.eu\/-wpress\/product\/caterpillar\/#breadcrumb","itemListElement":[{"@type":"ListItem","position":1,"name":"Home","item":"https:\/\/www.ppesrl.eu\/-wpress\/"},{"@type":"ListItem","position":2,"name":"Shop","item":"https:\/\/www.ppesrl.eu\/-wpress\/shop-2\/"},{"@type":"ListItem","position":3,"name":"CATERPILLAR"}]},{"@type":"WebSite","@id":"https:\/\/www.ppesrl.eu\/-wpress\/#website","url":"https:\/\/www.ppesrl.eu\/-wpress\/","name":"PPE Srl","description":"Plastic Proget European","potentialAction":[{"@type":"SearchAction","target":{"@type":"EntryPoint","urlTemplate":"https:\/\/www.ppesrl.eu\/-wpress\/?s={search_term_string}"},"query-input":{"@type":"PropertyValueSpecification","valueRequired":true,"valueName":"search_term_string"}}],"inLanguage":"it-IT"}]}},"_links":{"self":[{"href":"https:\/\/www.ppesrl.eu\/-wpress\/wp-json\/wp\/v2\/product\/5126","targetHints":{"allow":["GET"]}}],"collection":[{"href":"https:\/\/www.ppesrl.eu\/-wpress\/wp-json\/wp\/v2\/product"}],"about":[{"href":"https:\/\/www.ppesrl.eu\/-wpress\/wp-json\/wp\/v2\/types\/product"}],"wp:featuredmedia":[{"embeddable":true,"href":"https:\/\/www.ppesrl.eu\/-wpress\/wp-json\/wp\/v2\/media\/80673"}],"wp:attachment":[{"href":"https:\/\/www.ppesrl.eu\/-wpress\/wp-json\/wp\/v2\/media?parent=5126"}],"wp:term":[{"taxonomy":"product_brand","embeddable":true,"href":"https:\/\/www.ppesrl.eu\/-wpress\/wp-json\/wp\/v2\/product_brand?post=5126"},{"taxonomy":"product_cat","embeddable":true,"href":"https:\/\/www.ppesrl.eu\/-wpress\/wp-json\/wp\/v2\/product_cat?post=5126"},{"taxonomy":"product_tag","embeddable":true,"href":"https:\/\/www.ppesrl.eu\/-wpress\/wp-json\/wp\/v2\/product_tag?post=5126"}],"curies":[{"name":"wp","href":"https:\/\/api.w.org\/{rel}","templated":true}]}}