{"id":5179,"date":"2022-07-28T10:28:44","date_gmt":"2022-07-28T08:28:44","guid":{"rendered":"https:\/\/www.ppesrl.eu\/-wpress\/product\/cromafil-ae\/"},"modified":"2023-07-11T11:18:01","modified_gmt":"2023-07-11T09:18:01","slug":"cromafil-ae","status":"publish","type":"product","link":"https:\/\/www.ppesrl.eu\/-wpress\/product\/cromafil-ae\/","title":{"rendered":"CROMAFIL AE"},"content":{"rendered":"<p><img loading=\"lazy\" decoding=\"async\" class=\"alignnone size-full wp-image-79419\" src=\"https:\/\/www.ppesrl.eu\/-wp\/wp-content\/uploads\/2022\/07\/cromafil-ae-sch.jpg\" alt=\"\" width=\"1832\" height=\"752\" srcset=\"https:\/\/www.ppesrl.eu\/-wpress\/wp-content\/uploads\/2022\/07\/cromafil-ae-sch.jpg 1832w, https:\/\/www.ppesrl.eu\/-wpress\/wp-content\/uploads\/2022\/07\/cromafil-ae-sch-300x123.jpg 300w, https:\/\/www.ppesrl.eu\/-wpress\/wp-content\/uploads\/2022\/07\/cromafil-ae-sch-1024x420.jpg 1024w, https:\/\/www.ppesrl.eu\/-wpress\/wp-content\/uploads\/2022\/07\/cromafil-ae-sch-768x315.jpg 768w, https:\/\/www.ppesrl.eu\/-wpress\/wp-content\/uploads\/2022\/07\/cromafil-ae-sch-1536x630.jpg 1536w, https:\/\/www.ppesrl.eu\/-wpress\/wp-content\/uploads\/2022\/07\/cromafil-ae-sch-600x246.jpg 600w\" sizes=\"auto, (max-width: 1832px) 100vw, 1832px\" \/><\/p>\n<p><img loading=\"lazy\" decoding=\"async\" class=\"alignnone size-full wp-image-79420\" src=\"https:\/\/www.ppesrl.eu\/-wp\/wp-content\/uploads\/2022\/07\/cromafil-ae-tab.jpg\" alt=\"\" width=\"2072\" height=\"728\" srcset=\"https:\/\/www.ppesrl.eu\/-wpress\/wp-content\/uploads\/2022\/07\/cromafil-ae-tab.jpg 2072w, https:\/\/www.ppesrl.eu\/-wpress\/wp-content\/uploads\/2022\/07\/cromafil-ae-tab-300x105.jpg 300w, https:\/\/www.ppesrl.eu\/-wpress\/wp-content\/uploads\/2022\/07\/cromafil-ae-tab-1024x360.jpg 1024w, https:\/\/www.ppesrl.eu\/-wpress\/wp-content\/uploads\/2022\/07\/cromafil-ae-tab-768x270.jpg 768w, https:\/\/www.ppesrl.eu\/-wpress\/wp-content\/uploads\/2022\/07\/cromafil-ae-tab-1536x540.jpg 1536w, https:\/\/www.ppesrl.eu\/-wpress\/wp-content\/uploads\/2022\/07\/cromafil-ae-tab-2048x720.jpg 2048w, https:\/\/www.ppesrl.eu\/-wpress\/wp-content\/uploads\/2022\/07\/cromafil-ae-tab-600x211.jpg 600w\" sizes=\"auto, (max-width: 2072px) 100vw, 2072px\" \/><\/p>\n","protected":false},"excerpt":{"rendered":"<p>Il FILTRO PERCOLATORE (o letto percolatore) \u00e8 un reattore biologico a bioadesa, in cui il trattamento biologico pu\u00f2 essere sia di tipo anaerobico che aerobico a seconda delle diverse modalit\u00e0 di funzionamento. Si tratta di una struttura cilindrica all\u2019interno della quale vi \u00e8 un riempimento inerte di materiale plastico, dove il liquame, proveniente dalla fase di trattamento primario e quindi gi\u00e0 chiarificato, viene distribuito e percola nella massa interna.<br \/>\nNei percolatori aerobici a tiraggio naturale il passaggio del liquame attraverso il letto avviene per caduta e percolazione da una superficie all\u2019altra di modo che l\u2019intero letto non sia mai sommerso e gli spazi liberi consentano il passaggio dell\u2019aria. L\u2019ambiente aerobico favorisce l\u2019adsorbimento della sostanza organica sulle superfici dei corpi di riempimento tramite lo sviluppo di una ricca popolazione batterica che \u00e8 in grado di metabolizzarla. La pellicola biologica che ricopre i corpi di riempimento \u00e8 una mucillaggine bruna dello spessore di 1-3 mm costituita per la maggior parte di so-stanza organica colloidale e gelatinosa, popolata da colonie eterogenee di microrganismi. Le reazioni biochimiche sono quelle tipiche di una ossidazione biologica.<br \/>\nI corpi di riempimento sono alla rinfusa, ottenuti per stampaggio a iniezione. I filtri percolatori aerobici sono generalmente seguiti da un comparto di sedimentazione finale, necessario per chiarificare i reflui effluenti.<\/p>\n","protected":false},"featured_media":80756,"template":"","meta":[],"product_brand":[],"product_cat":[517,433,459,415],"product_tag":[],"class_list":{"0":"post-5179","1":"product","2":"type-product","3":"status-publish","4":"has-post-thumbnail","6":"product_cat-prodotti-trattamento-acque-reflue","7":"product_cat-filtro-percolatore-aerobico","8":"product_cat-trattamento-secondario","9":"product_cat-trattamento-acque-reflue","11":"first","12":"instock","13":"shipping-taxable","14":"product-type-simple"},"yoast_head":"<!-- This site is optimized with the Yoast SEO plugin v24.5 - https:\/\/yoast.com\/wordpress\/plugins\/seo\/ -->\n<title>CROMAFIL AE - PPE Srl<\/title>\n<meta name=\"robots\" content=\"index, follow, max-snippet:-1, max-image-preview:large, max-video-preview:-1\" \/>\n<link rel=\"canonical\" href=\"https:\/\/www.ppesrl.eu\/-wpress\/product\/cromafil-ae\/\" \/>\n<meta property=\"og:locale\" content=\"it_IT\" \/>\n<meta property=\"og:type\" content=\"article\" \/>\n<meta property=\"og:title\" content=\"CROMAFIL AE - PPE Srl\" \/>\n<meta property=\"og:description\" content=\"Il FILTRO PERCOLATORE (o letto percolatore) \u00e8 un reattore biologico a bioadesa, in cui il trattamento biologico pu\u00f2 essere sia di tipo anaerobico che aerobico a seconda delle diverse modalit\u00e0 di funzionamento. Si tratta di una struttura cilindrica all\u2019interno della quale vi \u00e8 un riempimento inerte di materiale plastico, dove il liquame, proveniente dalla fase di trattamento primario e quindi gi\u00e0 chiarificato, viene distribuito e percola nella massa interna. Nei percolatori aerobici a tiraggio naturale il passaggio del liquame attraverso il letto avviene per caduta e percolazione da una superficie all\u2019altra di modo che l\u2019intero letto non sia mai sommerso e gli spazi liberi consentano il passaggio dell\u2019aria. L\u2019ambiente aerobico favorisce l\u2019adsorbimento della sostanza organica sulle superfici dei corpi di riempimento tramite lo sviluppo di una ricca popolazione batterica che \u00e8 in grado di metabolizzarla. La pellicola biologica che ricopre i corpi di riempimento \u00e8 una mucillaggine bruna dello spessore di 1-3 mm costituita per la maggior parte di so-stanza organica colloidale e gelatinosa, popolata da colonie eterogenee di microrganismi. Le reazioni biochimiche sono quelle tipiche di una ossidazione biologica. I corpi di riempimento sono alla rinfusa, ottenuti per stampaggio a iniezione. I filtri percolatori aerobici sono generalmente seguiti da un comparto di sedimentazione finale, necessario per chiarificare i reflui effluenti.\" \/>\n<meta property=\"og:url\" content=\"https:\/\/www.ppesrl.eu\/-wpress\/product\/cromafil-ae\/\" \/>\n<meta property=\"og:site_name\" content=\"PPE Srl\" \/>\n<meta property=\"article:modified_time\" content=\"2023-07-11T09:18:01+00:00\" \/>\n<meta property=\"og:image\" content=\"https:\/\/www.ppesrl.eu\/-wpress\/wp-content\/uploads\/2023\/07\/cromafil-ae-fig.jpg\" \/>\n\t<meta property=\"og:image:width\" content=\"300\" \/>\n\t<meta property=\"og:image:height\" content=\"300\" \/>\n\t<meta property=\"og:image:type\" content=\"image\/jpeg\" \/>\n<meta name=\"twitter:card\" content=\"summary_large_image\" \/>\n<script type=\"application\/ld+json\" class=\"yoast-schema-graph\">{\"@context\":\"https:\/\/schema.org\",\"@graph\":[{\"@type\":\"WebPage\",\"@id\":\"https:\/\/www.ppesrl.eu\/-wpress\/product\/cromafil-ae\/\",\"url\":\"https:\/\/www.ppesrl.eu\/-wpress\/product\/cromafil-ae\/\",\"name\":\"CROMAFIL AE - PPE Srl\",\"isPartOf\":{\"@id\":\"https:\/\/www.ppesrl.eu\/-wpress\/#website\"},\"primaryImageOfPage\":{\"@id\":\"https:\/\/www.ppesrl.eu\/-wpress\/product\/cromafil-ae\/#primaryimage\"},\"image\":{\"@id\":\"https:\/\/www.ppesrl.eu\/-wpress\/product\/cromafil-ae\/#primaryimage\"},\"thumbnailUrl\":\"https:\/\/www.ppesrl.eu\/-wpress\/wp-content\/uploads\/2023\/07\/cromafil-ae-fig.jpg\",\"datePublished\":\"2022-07-28T08:28:44+00:00\",\"dateModified\":\"2023-07-11T09:18:01+00:00\",\"breadcrumb\":{\"@id\":\"https:\/\/www.ppesrl.eu\/-wpress\/product\/cromafil-ae\/#breadcrumb\"},\"inLanguage\":\"it-IT\",\"potentialAction\":[{\"@type\":\"ReadAction\",\"target\":[\"https:\/\/www.ppesrl.eu\/-wpress\/product\/cromafil-ae\/\"]}]},{\"@type\":\"ImageObject\",\"inLanguage\":\"it-IT\",\"@id\":\"https:\/\/www.ppesrl.eu\/-wpress\/product\/cromafil-ae\/#primaryimage\",\"url\":\"https:\/\/www.ppesrl.eu\/-wpress\/wp-content\/uploads\/2023\/07\/cromafil-ae-fig.jpg\",\"contentUrl\":\"https:\/\/www.ppesrl.eu\/-wpress\/wp-content\/uploads\/2023\/07\/cromafil-ae-fig.jpg\",\"width\":300,\"height\":300},{\"@type\":\"BreadcrumbList\",\"@id\":\"https:\/\/www.ppesrl.eu\/-wpress\/product\/cromafil-ae\/#breadcrumb\",\"itemListElement\":[{\"@type\":\"ListItem\",\"position\":1,\"name\":\"Home\",\"item\":\"https:\/\/www.ppesrl.eu\/-wpress\/\"},{\"@type\":\"ListItem\",\"position\":2,\"name\":\"Shop\",\"item\":\"https:\/\/www.ppesrl.eu\/-wpress\/shop-2\/\"},{\"@type\":\"ListItem\",\"position\":3,\"name\":\"CROMAFIL AE\"}]},{\"@type\":\"WebSite\",\"@id\":\"https:\/\/www.ppesrl.eu\/-wpress\/#website\",\"url\":\"https:\/\/www.ppesrl.eu\/-wpress\/\",\"name\":\"PPE Srl\",\"description\":\"Plastic Proget European\",\"potentialAction\":[{\"@type\":\"SearchAction\",\"target\":{\"@type\":\"EntryPoint\",\"urlTemplate\":\"https:\/\/www.ppesrl.eu\/-wpress\/?s={search_term_string}\"},\"query-input\":{\"@type\":\"PropertyValueSpecification\",\"valueRequired\":true,\"valueName\":\"search_term_string\"}}],\"inLanguage\":\"it-IT\"}]}<\/script>\n<!-- \/ Yoast SEO plugin. -->","yoast_head_json":{"title":"CROMAFIL AE - PPE Srl","robots":{"index":"index","follow":"follow","max-snippet":"max-snippet:-1","max-image-preview":"max-image-preview:large","max-video-preview":"max-video-preview:-1"},"canonical":"https:\/\/www.ppesrl.eu\/-wpress\/product\/cromafil-ae\/","og_locale":"it_IT","og_type":"article","og_title":"CROMAFIL AE - PPE Srl","og_description":"Il FILTRO PERCOLATORE (o letto percolatore) \u00e8 un reattore biologico a bioadesa, in cui il trattamento biologico pu\u00f2 essere sia di tipo anaerobico che aerobico a seconda delle diverse modalit\u00e0 di funzionamento. Si tratta di una struttura cilindrica all\u2019interno della quale vi \u00e8 un riempimento inerte di materiale plastico, dove il liquame, proveniente dalla fase di trattamento primario e quindi gi\u00e0 chiarificato, viene distribuito e percola nella massa interna. Nei percolatori aerobici a tiraggio naturale il passaggio del liquame attraverso il letto avviene per caduta e percolazione da una superficie all\u2019altra di modo che l\u2019intero letto non sia mai sommerso e gli spazi liberi consentano il passaggio dell\u2019aria. L\u2019ambiente aerobico favorisce l\u2019adsorbimento della sostanza organica sulle superfici dei corpi di riempimento tramite lo sviluppo di una ricca popolazione batterica che \u00e8 in grado di metabolizzarla. La pellicola biologica che ricopre i corpi di riempimento \u00e8 una mucillaggine bruna dello spessore di 1-3 mm costituita per la maggior parte di so-stanza organica colloidale e gelatinosa, popolata da colonie eterogenee di microrganismi. Le reazioni biochimiche sono quelle tipiche di una ossidazione biologica. I corpi di riempimento sono alla rinfusa, ottenuti per stampaggio a iniezione. I filtri percolatori aerobici sono generalmente seguiti da un comparto di sedimentazione finale, necessario per chiarificare i reflui effluenti.","og_url":"https:\/\/www.ppesrl.eu\/-wpress\/product\/cromafil-ae\/","og_site_name":"PPE Srl","article_modified_time":"2023-07-11T09:18:01+00:00","og_image":[{"width":300,"height":300,"url":"https:\/\/www.ppesrl.eu\/-wpress\/wp-content\/uploads\/2023\/07\/cromafil-ae-fig.jpg","type":"image\/jpeg"}],"twitter_card":"summary_large_image","schema":{"@context":"https:\/\/schema.org","@graph":[{"@type":"WebPage","@id":"https:\/\/www.ppesrl.eu\/-wpress\/product\/cromafil-ae\/","url":"https:\/\/www.ppesrl.eu\/-wpress\/product\/cromafil-ae\/","name":"CROMAFIL AE - PPE Srl","isPartOf":{"@id":"https:\/\/www.ppesrl.eu\/-wpress\/#website"},"primaryImageOfPage":{"@id":"https:\/\/www.ppesrl.eu\/-wpress\/product\/cromafil-ae\/#primaryimage"},"image":{"@id":"https:\/\/www.ppesrl.eu\/-wpress\/product\/cromafil-ae\/#primaryimage"},"thumbnailUrl":"https:\/\/www.ppesrl.eu\/-wpress\/wp-content\/uploads\/2023\/07\/cromafil-ae-fig.jpg","datePublished":"2022-07-28T08:28:44+00:00","dateModified":"2023-07-11T09:18:01+00:00","breadcrumb":{"@id":"https:\/\/www.ppesrl.eu\/-wpress\/product\/cromafil-ae\/#breadcrumb"},"inLanguage":"it-IT","potentialAction":[{"@type":"ReadAction","target":["https:\/\/www.ppesrl.eu\/-wpress\/product\/cromafil-ae\/"]}]},{"@type":"ImageObject","inLanguage":"it-IT","@id":"https:\/\/www.ppesrl.eu\/-wpress\/product\/cromafil-ae\/#primaryimage","url":"https:\/\/www.ppesrl.eu\/-wpress\/wp-content\/uploads\/2023\/07\/cromafil-ae-fig.jpg","contentUrl":"https:\/\/www.ppesrl.eu\/-wpress\/wp-content\/uploads\/2023\/07\/cromafil-ae-fig.jpg","width":300,"height":300},{"@type":"BreadcrumbList","@id":"https:\/\/www.ppesrl.eu\/-wpress\/product\/cromafil-ae\/#breadcrumb","itemListElement":[{"@type":"ListItem","position":1,"name":"Home","item":"https:\/\/www.ppesrl.eu\/-wpress\/"},{"@type":"ListItem","position":2,"name":"Shop","item":"https:\/\/www.ppesrl.eu\/-wpress\/shop-2\/"},{"@type":"ListItem","position":3,"name":"CROMAFIL AE"}]},{"@type":"WebSite","@id":"https:\/\/www.ppesrl.eu\/-wpress\/#website","url":"https:\/\/www.ppesrl.eu\/-wpress\/","name":"PPE Srl","description":"Plastic Proget European","potentialAction":[{"@type":"SearchAction","target":{"@type":"EntryPoint","urlTemplate":"https:\/\/www.ppesrl.eu\/-wpress\/?s={search_term_string}"},"query-input":{"@type":"PropertyValueSpecification","valueRequired":true,"valueName":"search_term_string"}}],"inLanguage":"it-IT"}]}},"_links":{"self":[{"href":"https:\/\/www.ppesrl.eu\/-wpress\/wp-json\/wp\/v2\/product\/5179","targetHints":{"allow":["GET"]}}],"collection":[{"href":"https:\/\/www.ppesrl.eu\/-wpress\/wp-json\/wp\/v2\/product"}],"about":[{"href":"https:\/\/www.ppesrl.eu\/-wpress\/wp-json\/wp\/v2\/types\/product"}],"wp:featuredmedia":[{"embeddable":true,"href":"https:\/\/www.ppesrl.eu\/-wpress\/wp-json\/wp\/v2\/media\/80756"}],"wp:attachment":[{"href":"https:\/\/www.ppesrl.eu\/-wpress\/wp-json\/wp\/v2\/media?parent=5179"}],"wp:term":[{"taxonomy":"product_brand","embeddable":true,"href":"https:\/\/www.ppesrl.eu\/-wpress\/wp-json\/wp\/v2\/product_brand?post=5179"},{"taxonomy":"product_cat","embeddable":true,"href":"https:\/\/www.ppesrl.eu\/-wpress\/wp-json\/wp\/v2\/product_cat?post=5179"},{"taxonomy":"product_tag","embeddable":true,"href":"https:\/\/www.ppesrl.eu\/-wpress\/wp-json\/wp\/v2\/product_tag?post=5179"}],"curies":[{"name":"wp","href":"https:\/\/api.w.org\/{rel}","templated":true}]}}